e 3, what is 100 + 12100020110220?
12100020111020
In base 12, what is 3 + -8441ab?
-8441a8
In base 3, what is 20110112 - 20122?
20012220
In base 10, what is -2 + -1418679?
-1418681
In base 16, what is -279d6 - f?
-279e5
In base 3, what is 1001011 - -12022011?
20100022
In base 3, what is 21001 - -2102101?
2200102
In base 8, what is 230234422 - 0?
230234422
In base 13, what is -2 - -1624b72?
1624b70
In base 13, what is -10 + -302455?
-302465
In base 6, what is 4 - 1143441021?
-1143441013
In base 16, what is -2a9bb7 + -8?
-2a9bbf
In base 12, what is 828825 - 6?
82881b
In base 2, what is -10101100011000110101110011 - 110?
-10101100011000110101111001
In base 3, what is -1 + 11120111002101011?
11120111002101010
In base 3, what is -2000102 + 2111111121?
2102111012
In base 15, what is -5 + 17c489da?
17c489d5
In base 15, what is -a37adaa - 5?
-a37adb0
In base 6, what is -1403 + 4532023?
4530220
In base 6, what is -4103025 - 13442?
-4120511
In base 5, what is -3232430020 + 201?
-3232424314
In base 16, what is a - -b1408?
b1412
In base 15, what is -52 - -18dcc?
18d7a
In base 11, what is 2 - -a52373?
a52375
In base 15, what is 1c88cdb1 + -3?
1c88cdad
In base 9, what is -783 + 2721204?
2720311
In base 16, what is -4 - 4e7b27?
-4e7b2b
In base 16, what is -3459 + -29c1?
-5e1a
In base 14, what is -2 - 3aa794?
-3aa796
In base 10, what is -5 + -11793556?
-11793561
In base 2, what is 1110000001101000100 - -100101010?
1110000010001101110
In base 8, what is -370 - -622722?
622332
In base 5, what is 14 + -1210424210?
-1210424141
In base 10, what is -1393872 - -2?
-1393870
In base 6, what is 3231124110 + 1?
3231124111
In base 2, what is -1001 + -11100110111101010000100?
-11100110111101010001101
In base 8, what is 12367 + -152340?
-137751
In base 8, what is -10 - 304214606?
-304214616
In base 16, what is -4 + -35e4f9?
-35e4fd
In base 7, what is 16340 + -22165?
-2525
In base 12, what is -a6 - -9341?
9257
In base 2, what is -10 - 111111111000011101000100?
-111111111000011101000110
In base 6, what is -20 - 324435432?
-324435452
In base 8, what is -200 + 32621?
32421
In base 7, what is -1202 - 41364366?
-41365601
In base 8, what is 1107 - 3061?
-1752
In base 15, what is -10a6 + 1de?
-db7
In base 14, what is -15 - 1128014?
-1128029
In base 11, what is -25792 + -2817?
-284a9
In base 13, what is -1368ac669 - 5?
-1368ac671
In base 11, what is 2 + -4457497?
-4457495
In base 15, what is -2 - -28e0770?
28e076d
In base 7, what is 13 - 5123242?
-5123226
In base 8, what is 22213743 - -15?
22213760
In base 14, what is 210658 - -21?
210679
In base 3, what is 102211102210012 - 1211?
102211102201101
In base 12, what is -19b34 - -108?
-19a28
In base 11, what is -26 - 758769?
-758794
In base 5, what is -322344 + -422340?
-1300234
In base 11, what is -4a6a97 - -4?
-4a6a93
In base 4, what is 30032310 + 211233?
30310203
In base 14, what is -5 - -368d0a0?
368d099
In base 6, what is 100125 - -30325?
130454
In base 15, what is 41 - 79b82?
-79b41
In base 7, what is -3 - 14655420?
-14655423
In base 9, what is 4028 - -1651?
5680
In base 11, what is 393197 + 565?
393751
In base 9, what is 2 - 118247744?
-118247742
In base 16, what is -5 - -763020?
76301b
In base 3, what is -10120101 + -2211011202?
-2221202010
In base 9, what is -2 - 51764510?
-51764512
In base 16, what is -b3 - 9ca?
-a7d
In base 11, what is a5034 - -1917?
a6950
In base 9, what is -1423166 + 50?
-1423116
In base 8, what is -2 + -23233447?
-23233451
In base 7, what is -11 + -150142314?
-150142325
In base 6, what is 52 + -3040320?
-3040224
In base 2, what is 101 - 1010000001111011001000001011?
-1010000001111011001000000110
In base 14, what is -20a6 - -2dba?
d14
In base 14, what is 1 + -298a13?
-298a12
In base 7, what is 3306665 - 534?
3306131
In base 5, what is 12303242430 - 2?
12303242423
In base 14, what is 2bd8cd + -6?
2bd8c7
In base 14, what is 37c12c3 + 1?
37c12c4
In base 4, what is 2102 + -10210332312?
-10210330210
In base 4, what is 11131220 + 1232001?
13023221
In base 11, what is -a - -52939?
5292a
In base 7, what is -6 + 256245031?
256245022
In base 15, what is -1977 - -295?
-16d2
In base 5, what is 2143413 + 100313?
2244231
In base 6, what is 121155 + 350?
121545
In base 5, what is 10231133132 - -4?
10231133141
In base 11, what is -5 - 17352a3?
-17352a8
In base 2, what is -101101100 + 110101110?
1000010
In base 14, what is 1611 - -1b?
162c
In base 6, what is -120 + 5434231?
5434111
In base 7, what is -15 - -44463240?
44463222
In base 7, what is 1254524 - -5443?
1263300
In base 14, what is 1 + -1d76494?
-1d76493
In base 12, what is 41 + 1a130?
1a171
In base 8, what is 0 + 715061?
715061
In base 6, what is -2421013 - 31512?
-2452525
In base 6, what is -5 - -1202234233?
1202234224
In base 15, what is -4c99aa0 + 2?
-4c99a9d
In base 2, what is -100010100010001110001 + -1001?
-100010100010001111010
In base 12, what is -469 + 5b3908?
5b345b
In base 6, what is 4525123105 - -5?
4525123114
In base 2, what is 10010011010100001110000110 + -11?
10010011010100001110000011
In base 8, what is 6 + -30562010?
-30562002
In base 2, what is -1101101 - -110111110000111?
110111100011010
In base 9, what is 2 - 144135084?
-144135082
In base 9, what is 8230 + -1053?
7166
In base 11, what is 7381 + -488?
69a4
In base 3, what is -1222020002112 + -1200?
-1222020011012
In base 12, what is 73a + 53898?
54416
In base 5, what is 13213 + 2004221?
2022434
In base 13, what is 1195 + -11205?
-10040
In base 3, what is 101100102221100 - -11?
101100102221111
In base 7, what is -2 + -4236121512?
-4236121514
In base 3, what is 2120202112101 + 11?
2120202112112
In base 15, what is 36c700 + -7?
36c6e8
In base 16, what is -3b79e4 - 3?
-3b79e7
In base 10, what is 37 - 179887?
-179850
In base 11, what is -23 - -5a206?
5a193
In base 11, what is -109 - 132a520?
-132a629
In base 2, what is 110111011100001 + -100010111100011?
10100011111110
In base 3, what is -201202 - -122220202?
122012000
In base 14, what is 5754603 - 0?
5754603
In base 7, what is 0 + 16205321?
16205321
In base 16, what is -6 + 1a6645?
1a663f
In base 11, what is 21 + 98767?
98788
In base 13, what is -95 - -524233?
52416b
In base 13, what is 144605 - 44a?
144188
In base 7, what is -35261361156 + 1?
-35261361155
In base 14, what is 2da9 - -21b?
31c6
In base 7, what is 210 + -120220?
-120010
In base 12, what is 96 - -10598?
10672
In base 3, what is 10100220120 - 11021001?
10012122112
In base 11, what is -372a9 + -94?
-37392
In base 14, what is -1 + -761405?
-761406
In base 8, what is -1022 + 707447?
706425
In base 7, what is -3 + 10343544?
10343541
In base 2, what is 11011111 + 10110001000010?
10110100100001
In base 6, what is -201 - 13215520?
-13220121
In base 11, what is 2 - -1151998a?
11519991
In base 7, what is 5 + -31135660?
-31135652
In base 3, what is 1210101112 - -12001?
1210120120
In base 16, what is -355 + cb2?
95d
In base 14, what is 1a55449 - -1d?
1a55468
In base 12, what is -31136 - -5609?
-27729
In base 15, what is 4879daa - 7?
4879da3
In base 15, what is -231 + e763?
e532
In base 15, what is 6b5 - 18329?
-17b64
In base 10, what is -2 + 1561224?
1561222
In base 2, what is -100011101011001001110010 - -11010?
-100011101011001001011000
In base 9, what is 3 + -340661375?
-340661372
In base 13, what is 322624c - 2?
322624a
In base 12, what is 504568 + -11?
504557
In base 7, what is 106514113 + -14?
106514066
In base 2, what is -1000011010000100101 - 110011001?
-1000011010110111110
In base 16, what is 17cb - -2f50?
471b
In base 3, what is 1001021221010 - 210101?
1001021010202
In base 5, what is 30242222 - 2401?
30234321
In base 2, what is -1111011101100 - 10010000000?
-10001101101100
In base 14, what is 5287a45 + 5?
5287a4a
In base 8, what is 5413400 + -2?
5413376
In base 10, what is -101425 + 112?
-101313
In base 16, what is c0a85 - 2d?
c0a58
In base 10, what is -1232636 - 52?
-1232688
In base 16, what is -150556d + 1?
-150556c
In base 9, what is 18214 + 1274?
20488
In base 11, what is 17 + 880016?
880032
In base 12, what is -916650 - -58?
-9165b4
In base 12, what is -110a023 - -70?
-1109b73
In base 6, what is 312325 - -2315?
315044
In base 7, what is 1 + 3611063?
3611064
In base 3, what is -121001110112 + -20?
-121001110202
In base 7, what is -101012 + -1301?
-102313
In base 7, what is -3 + 5